) = -q**2 - 3*q + 1. Let p be l(-1). Calculate the highest common divisor of p and 12.
3
Suppose 0 = -4*y + 2*o - o + 898, -2 = -o. Let b be (8/10)/(5/y). Suppose 3*f = 18 + b. What is the highest common factor of f and 126?
18
Suppose -300 = -4*m + 260. Suppose -1 = -4*t + 7. Suppose 5*o - 94 + 19 = -4*k, 3*k = t*o + 62. Calculate the highest common factor of k and m.
20
Let q = -39 + 47. Calculate the highest common divisor of q and 4.
4
Let h be 1*11*(31 - 0). Suppose 4*z - h = -89. Let i(n) = 6*n**2 + 1. Let w be i(1). What is the greatest common factor of w and z?
7
Let c = -12 + -8. Suppose 2*n - 93 = 3*t, 5*t + 3*n - n + 155 = 0. Let z = c - t. What is the highest common divisor of z and 22?
11
Let t(l) be the third derivative of -25*l**4/24 + l**3/6 + 2*l**2. Let p be t(-1). What is the highest common divisor of 39 and p?
13
Let r be 3 + 4 + (0 - -3). Calculate the greatest common factor of 90 and r.
10
Let c(r) = 4*r**3 + 3*r**3 - 4*r**3 + r**2 - 2. Let h be c(3). Calculate the greatest common divisor of h and 8.
8
Suppose 2*q - 36 = -0*q. Let j = 11 - 11. Let b be 147 + j/3 + -3. Calculate the highest common divisor of q and b.
18
Suppose -5*q = -56 - 24. Suppose -4*a - q = 0, -5*p + 2*a = -0 - 18. Suppose 3*v = 8 - p. What is the highest common divisor of 2 and v?
2
Let k = 16 - 7. Calculate the greatest common divisor of k and 18.
9
Let s be (5 - (-3)/1) + -2. Let z be (-69)/(-4) - (-6)/8. What is the highest common factor of s and z?
6
Suppose -5*k = -8*k + 12. What is the greatest common divisor of k and 10?
2
Let m(v) = v**3 + v**2 + v + 24. Let q be m(0). Suppose 0 = 2*l + 2*l - q. What is the greatest common factor of 18 and l?
6
Let c be (-82)/(-4) + (-12)/8. What is the highest common divisor of 57 and c?
19
Let w = 6 + -4. Let n be 596/20 - w/(-10). What is the greatest common divisor of 10 and n?
10
Suppose 2*k = 172 - 22. Calculate the highest common divisor of 15 and k.
15
Suppose -4*m - 5*z + 2*z = -81, 5*m - 106 = z. What is the greatest common divisor of 21 and m?
21
Let a(w) = w**3 - 4*w**2 + 2*w - 1. Let n be a(4). Calculate the greatest common factor of 49 and n.
7
Let c(d) = -2*d**2 - 5*d - 2. Let x be c(-4). Let f = x + 23. Let a(m) = -m**3 - m**2 - 7*m - 13. Let k be a(-4). What is the greatest common factor of k and f?
9
Suppose 5*s + 3*f - 194 = 0, 3*s + f - 125 + 7 = 0. What is the highest common factor of 20 and s?
20
Let y = 0 + -8. Let p be (-179)/(-4) + (-2)/y. What is the greatest common divisor of p and 15?
15
Let o be 3/18*3*0. Suppose 2*z + 2*z - x - 36 = o, -3*x = 0. Let r(c) = c**2 + 72. Let t be r(0). Calculate the highest common factor of z and t.
9
Let o(j) = 2*j - 3. Let r be o(7). Let b = r - -25. Calculate the greatest common divisor of b and 9.
9
Suppose 4*t + 0*t = 4*g + 20, 5*g + 10 = 0. Calculate the greatest common divisor of 3 and t.
3
Let w be 32/(((-8)/20)/(-1)). What is the greatest common divisor of w and 8?
8
Suppose -5*x = -p - 17, 3*x - 13 = -2*x - p. Let y = 58 - x. Suppose 5*u - y = -5*f, -u - 31 = -3*f - 3*u. Calculate the greatest common factor of f and 18.
9
Suppose 5*j + 3*h - 891 = 0, 3*j + 5*h = 6*j - 555. Calculate the greatest common divisor of 12 and j.
12
Let y(j) = -j**2 - 8*j - 10. Let q be y(-6). What is the highest common factor of 5 and q?
1
Suppose -22 = -2*d - 4*o, -3*d - 7*o = -2*o - 30. Suppose -4*i = -3*z - 0 - 4, d*i + z - 5 = 0. What is the greatest common factor of 1 and i?
1
Suppose -271 + 31 = -15*f. Calculate the greatest common factor of f and 144.
16
Suppose 5*w = w + v + 177, 0 = 5*w - v - 221. Calculate the highest common factor of 4 and w.
4
Let a be (6/1)/((-9)/6). Let w be 6/a*-6*1. Let d = 13 + w. Calculate the greatest common factor of 2 and d.
2
Let q(l) = 8*l + 3. Let m be q(-2). Let d = 22 + m. Suppose -4 = -3*n + 5*h + d, 0 = 2*n - 4*h - 10. Calculate the highest common factor of n and 1.
1
Suppose 16 = 2*i + 14. What is the highest common divisor of 7 and i?
1
Let t = 5 + -2. Suppose -4*s - 34 = -t*n, 2*n + 0*n + s - 41 = 0. Calculate the highest common factor of n and 18.
18
Let r = -7 + 10. Let x = 6 + 6. Suppose -x = -0*m - m. What is the greatest common factor of r and m?
3
Let z = -338 + 490. Let q be z/56 - 4/(-14). Let t be 286/8 + q/12. Calculate the greatest common divisor of t and 54.
18
Suppose 4*g + 3*o = 25 + 25, 0 = 2*g + o - 26. Suppose 0 = -4*y + g + 14. Let t = 15 + -1. What is the greatest common divisor of y and t?
7
Let w be 1/2 + 22/(-4). Let s be (-1)/(-5) + 1/w. Suppose g - c - 25 = s, -3*c + c = 5*g - 139. Calculate the greatest common divisor of 3 and g.
3
Let o be ((-2)/4)/((-7)/42). Suppose -24 = -f - o*f. Let t be 340/f - 3/(-9). Calculate the highest common factor of 19 and t.
19
Let w(g) = g**2 - 3*g - 4. Let q be w(4). Suppose 4*s = -3*y + 12, s + q*s = -y + 4. Suppose 7*n - y*n = 3. What is the greatest common factor of n and 7?
1
Let l be (-1364)/(-24) + 3/18. Let n(w) = -14*w + 3. Let q be n(2). Let x = q + l. Calculate the greatest common factor of x and 4.
4
Suppose -r + 8 = -0*r. Let u = -13 - -10. Let o = u - -11. Calculate the greatest common divisor of o and r.
8
Suppose 0*v = -4*v + 1672. Calculate the greatest common factor of v and 38.
38
Let b(h) = 6*h**2 + h - 2. Let i = -4 + 2. Let w be 2*(-2 - (i - -1)). Let p be b(w). Calculate the greatest common divisor of p and 4.
4
Suppose -75 = -6*k + k. Let u be (24/(-5))/((-2)/k). Calculate the highest common factor of 24 and u.
12
Let w be (-3)/(12/(-464)) - -1. Calculate the highest common divisor of w and 13.
13
Let k = -31 + 61. Suppose 0 = -0*x + x - k. What is the highest common factor of x and 75?
15
Let a = 12 + -7. Suppose -a*w + 4*n + 37 = -40, -2*n = -5*w + 71. Let v = -53 - -92. What is the greatest common factor of v and w?
13
Let a be ((-48)/(-15))/(16/(-20) + 1). What is the highest common divisor of 128 and a?
16
Suppose -5*h + 17 = -58. Calculate the greatest common factor of h and 45.
15
Suppose 2*d - 1 = 3. Suppose 7 - 3 = 4*a. Calculate the highest common divisor of d and a.
1
Let f = -45 - -59. Calculate the highest common factor of 56 and f.
14
Suppose -2*l + 4*a = -6*l + 108, -l + 3*a + 15 = 0. Suppose 0 = 3*r + r - 32. Calculate the highest common factor of l and r.
8
Let l = 89 - 49. Calculate the greatest common divisor of l and 16.
8
Let l(x) = x**2 + 4*x + 5. Let n be l(-4). Let y = -5 - -6. Let z be ((-12)/(-15))/(y/n). Calculate the greatest common factor of 8 and z.
4
Let w be 1 - (1 + -3 - 7). Suppose -2*g + w = -3*i, -g - 5*i + 4 + 1 = 0. Suppose 80 = -0*j + g*j. What is the highest common factor of j and 16?
16
Suppose 2*a - c = 20, -2*a + 8 = -c + 3*c. Suppose -a = -2*k - n, -2*n + 13 = k + 3*n. Suppose 280 = k*t - t. What is the highest common divisor of t and 20?
20
Let m(h) = -11*h - 4. Let z be m(-2). Calculate the greatest common divisor of 144 and z.
18
Suppose -5*l + 0*i + 5*i = 5, -2*i = 5*l + 26. Let j be l/10 + 44/10. Suppose 0 = 3*d - j*d + 25. What is the highest common factor of 10 and d?
5
Let r be (23 - -2) + 5/(-5). Calculate the greatest common factor of 12 and r.
12
Let c(s) = 7 - s**2 + 4 + 4*s + 3*s. Let y be c(8). Suppose -86 = -5*r + 34. Calculate the greatest common divisor of y and r.
3
Let m = -61 - -86. Calculate the highest common factor of 200 and m.
25
Let r be 8/(-36) + 272/9. What is the highest common divisor of r and 3?
3
Suppose -50 + 75 = 5*o. What is the greatest common factor of 15 and o?
5
Let i(l) = l**2 - l + 30. Suppose m - 15 = 3*p + 6*m, 2*m + 6 = -p. Let r be i(p). Calculate the greatest common divisor of 10 and r.
10
Let x = -163 - -307. Calculate the greatest common divisor of x and 18.
18
Let n(b) = -5*b**2 + b + b**3 - 3 - 4*b - 3*b**3. Let a be n(-3). Suppose -l + 6 = -a. Calculate the greatest common divisor of l and 14.
7
Let v be (-10)/3*(-3 + 0). Suppose 0 = -x - x + v. Let p be (-141)/(-9) - 2/3. What is the greatest common factor of x and p?
5
Let t(q) = 3*q**2 - 2*q - 3. Let i = 8 + -5. Let n be t(i). Let k be 150/n + (-1)/3. What is the greatest common factor of k and 56?
8
Let o(y) = y**3 - 5*y**2 - y - 3. Let n be o(6). What is the greatest common factor of 297 and n?
27
Let x(v) = 9*v - 42. Let j be x(6). What is the highest common factor of 348 and j?
1